(a) = 3*a**3 + 3*a**2 + 4*a + 2. Let b be g(-2). Let p = b + 26. List the prime factors of p.
2
Let q(c) be the first derivative of c**5/15 - c**4/12 - c**3/6 + 2*c**2 - 1. Let a(b) be the second derivative of q(b). What are the prime factors of a(2)?
11
Suppose 3*f - 94 = -2*u, -22 = -0*f - f - 3*u. What are the prime factors of f?
2, 17
Suppose 2 + 3 = y. Suppose 5*j = y*c + 10, 4*j + 3*c = 16 + 13. List the prime factors of j.
5
Let o = -6 - -1. Let g = o - -13. List the prime factors of g.
2
Let h(b) = -b**2 + 10*b - 6. Let l be h(8). Let i = l + -16. List the prime factors of 9*(-4)/i - -2.
2
Let z = 9 + -8. What are the prime factors of (-6 - -3) + z - -7?
5
What are the prime factors of (-102)/(-4)*8/12?
17
Let j be ((-8)/10)/(2/10). Let u be ((-38)/(-4))/(1/j). List the prime factors of (-1)/2 + u/(-4).
3
Suppose -w = 4*w - 30. Suppose -2*n + w = -0*n. List the prime factors of n.
3
Let j(c) be the second derivative of -c**3/6 + c**2 + 2*c. List the prime factors of j(0).
2
Let z = 6 - 2. Let y be 0 - 0 - (z + -2). Let p(k) = 3*k**2 + k. What are the prime factors of p(y)?
2, 5
Let c(a) = 2*a**2 - 4*a + 2. Let w = 3 - 1. Let l be c(w). Suppose -2 - 4 = -l*f. List the prime factors of f.
3
Let b(s) = -s**3 - 4*s**2 + 4*s. Let r(a) = -a**2 + 7*a - 5. Let y be r(7). What are the prime factors of b(y)?
5
Let d = -63 + 33. Let t = d + 42. What are the prime factors of t?
2, 3
List the prime factors of (150 + 0 + 4)*1.
2, 7, 11
Suppose 3*v - 33 = -3*t, -4*v + 4*t = 11 - 55. Suppose f - v = -4. List the prime factors of f - (-2 + 3 + -1).
7
Let j = 461 + -236. Suppose -2*n = -7*n + j. List the prime factors of n.
3, 5
Let x(g) = -5*g**3 - 2*g**2 + 1. Let u be x(-1). Let t = u + 1. Suppose 19 = i + 2*y + y, -t = i - 3*y. What are the prime factors of i?
7
Let r be 8/(-1)*1/(-1). Let n = 15 - r. List the prime factors of n.
7
Let m = -9 - -17. What are the prime factors of 17 - 4 - m/(-4)?
3, 5
Let d(l) = -2*l - 13. Let p(s) = -s. Let g(y) = d(y) + 2*p(y). Let f(n) = n - 1. Let h(v) = -5*f(v) - g(v). List the prime factors of h(8).
2, 5
Suppose -w = w - 2, 4*s - 3*w - 1 = 0. Let a(z) = 22*z**3 + 2*z**2 - z. Let v be a(s). Let d = -12 + v. List the prime factors of d.
11
Let t(u) = -u**3 + 3*u**2 + 4*u + 4. Let m be t(4). Let g = -6 + m. List the prime factors of g/(-4) - (-54)/4.
2, 7
Suppose 1 + 3 = 2*s. Suppose 2*o + 3 = -3*g + 23, 12 = g + s*o. Suppose 2*d + d + g*f = 11, 3*d - f - 31 = 0. List the prime factors of d.
3
Let z = -19 + 27. Let o(c) = c**3 - 8*c**2 + 3*c + 7. Let w be o(z). Suppose 5*a = 2*h - w, 0 = -4*h + 4*a - 21 + 53. List the prime factors of h.
3
Let u = -2 + 7. Let b = 6 + u. What are the prime factors of b?
11
Suppose 4 - 2 = f. What are the prime factors of (-32)/(-4)*8/f?
2
Suppose 6 + 6 = 4*h + 4*i, -14 = -2*h + 2*i. Suppose n - h + 2 = 0. What are the prime factors of n?
3
Suppose -v + 3 = h, 3*v + 2*v = 4*h + 6. Suppose -3*m - 4 + 13 = 0. Suppose 1 = v*p - m. List the prime factors of p.
2
Suppose -3*n + 5*a - 85 = 25, -2*a = -5*n - 158. Let y = -10 + -42. Let m = n - y. What are the prime factors of m?
2, 11
Let d = -250 - -421. What are the prime factors of d?
3, 19
Suppose 3*j = -5*i - 34, -5*j + 4*i + 35 = 104. Let b(o) = o**2 + 9*o - 14. What are the prime factors of b(j)?
2, 19
Suppose 2*n + n = -3*f - 6, -4*n - 4 = 3*f. Suppose -y + 6 = n. What are the prime factors of y?
2
Let p(o) = o**2 - 5*o - 5. Let g be p(6). What are the prime factors of g + -2 + 3 - -3?
5
Suppose -2*c + 3*s + 29 = 0, -2 = -c - 2*s + 2. Suppose c*a - 69 = 7*a. What are the prime factors of a?
23
Let x(k) = k**2 - 6*k - 5. Let c be x(7). Let d(z) be the first derivative of z**4/4 + z**3/3 - 1. What are the prime factors of d(c)?
2, 3
Let k = 22 - -42. What are the prime factors of k?
2
Let m = 11 + -9. Suppose 0 = 3*c - m*c - 7. What are the prime factors of c?
7
Let i = 206 + -116. List the prime factors of i.
2, 3, 5
Let i = 25 - -14. List the prime factors of i.
3, 13
Let v = 206 - 15. List the prime factors of v.
191
Let m be 1*(0 - (1 + -2)). Let k be -4 + (2 - (m + 3)). Let d = k - -11. List the prime factors of d.
5
Let m = 75 - 38. What are the prime factors of m?
37
Let x = -59 - -90. What are the prime factors of x?
31
Let m = -49 + 33. Let w be (-2)/7 + m/(-7). List the prime factors of ((-7)/w)/(1/(-2)).
7
Let l = 61 + -36. Let g = 38 - l. What are the prime factors of g?
13
Suppose 5*q - 7 + 50 = t, -4*t + 287 = 3*q. Suppose t = -f + 5*f. List the prime factors of f.
17
Let c(o) be the first derivative of 4*o**3/3 - o**2/2 - 4*o - 2. What are the prime factors of c(3)?
29
Suppose -5*z + u + 4*u = -140, 3*u = 5*z - 132. What are the prime factors of z?
2, 3
Let p(m) = -m**2 + 16*m - 16. List the prime factors of p(9).
47
What are the prime factors of 2 + (-7)/(21/(-624))?
2, 3, 5, 7
Suppose -2 = 3*j - 11. Let g(i) = 3 - j + 2 + i - 2*i. List the prime factors of g(-8).
2, 5
Let d(n) = -n**2 - 4*n + 3. Let x be d(-6). Let h(c) = 16*c. Let u be h(1). Let b = u + x. List the prime factors of b.
7
List the prime factors of (13 + 1 + -2)*(-550)/(-75).
2, 11
Let v(j) be the third derivative of -j**5/60 - 5*j**4/12 - 2*j**3/3 - j**2. What are the prime factors of v(-7)?
17
Let c be 0 - -1 - -1 - 2. Suppose 4*z + 2 - 10 = c. Suppose 27 = z*j + j. List the prime factors of j.
3
Let c(u) = 1. Let w(q) = 2*q + 2. Let z(n) = 3*c(n) - w(n). What are the prime factors of z(-3)?
7
Suppose -5*x - 29 = 6. Let w = -1 - x. List the prime factors of w.
2, 3
Let a(f) = -4*f. Let j be a(-1). Suppose 2*t + 5*k + 8 = -12, 3*t - j*k = 16. Suppose t = -l - 3*l + 28. List the prime factors of l.
7
Suppose -172 = -k + 5*k. Let j = 66 + k. What are the prime factors of j?
23
Let m(k) = 13*k - 9. Let a(j) = 7*j - 4. Let c(o) = -7*a(o) + 4*m(o). What are the prime factors of c(9)?
19
Let v(t) = t**2 - t. Let m be v(1). What are the prime factors of (-5)/(m + (-3)/6)?
2, 5
Let l be -9*(2 - 14/6). Suppose -3*x + 56 = 5*s, 2*s + 6*x - 26 = l*x. List the prime factors of s.
2, 5
Suppose 6 = -2*f + 16. Suppose -j = 0, -f*j + 2*j = 3*z - 24. What are the prime factors of z?
2
Let s(t) = -t - 2. Let g(n) = n**3 + 5*n**2 - 4*n + 2. Let h be g(-6). Let b = h - -6. List the prime factors of s(b).
2
Suppose 27 = 5*c - 4*a, -2*a = c + 3*c - 6. Suppose -7*n - c = -8*n. What are the prime factors of n?
3
Let f(j) = j + 1. Suppose -2*g + 5*g = 3. Let c be f(g). Suppose c*b - 13 = b. List the prime factors of b.
13
Let a(y) = y**3 + 5*y**2 - 3*y + 8. Let o be a(-6). Let v = 44 + o. Let p = v + -23. List the prime factors of p.
11
Let k = 4 + -1. List the prime factors of k/(-5) + 146/10.
2, 7
Suppose 4*s = 5*s - 5. Let u = 31 - 15. Suppose -s*x - 5*l = 1 - u, x - 2*l = 18. List the prime factors of x.
2
Let i(k) = -2*k - 4. Let f be 2/11 - (-224)/(-22). Let o(b) = b**2 + 11*b + 4. Let d be o(f). What are the prime factors of i(d)?
2
List the prime factors of (153/(-2))/(0 - (-9)/(-36)).
2, 3, 17
Suppose 40 = 4*s + 4*x, -2*s + x + 15 = 4*x. Suppose 0 = -3*z - s, -5*n - z + 170 = -2*z. What are the prime factors of n?
3, 11
Suppose 8 = -2*m + 2*i, -m + 3*i + 1 = 9. Suppose 0 = -2*u - 0 - 12. List the prime factors of (u/1)/(m/2).
2, 3
Let s = 59 - 8. Suppose s + 5 = 2*u. Suppose 3*j - u = 2. What are the prime factors of j?
2, 5
Suppose 0 = -4*j, -3*i + 2*j = 4*j - 207. List the prime factors of i.
3, 23
Let q = -3 - -18. List the prime factors of q.
3, 5
Let w be (-109)/(-3) - (-1)/(-3). Suppose 15 + 0 = 3*y. Suppose j - y*j + w = 0. List the prime factors of j.
3
Let s(k) be the third derivative of k**5/30 + k**4/3 + 5*k**3/6 + 3*k**2. What are the prime factors of s(-5)?
3, 5
Let d(i) = i - 10. Let j be d(7). What are the prime factors of (1/j)/(2/(-84))?
2, 7
Suppose -6*p + 3*p = -45. What are the prime factors of p?
3, 5
Let d be 2/8 - 14/(-8). Suppose 3*t + 7 = 2*b, 11 = 3*b + b - 3*t. Let v = b + d. List the prime factors of v.
2
List the prime factors of 9/(4*3/28).
3, 7
Let q(h) = -h**3 - 5*h**2 - h - 1. Let v = -12 + 7. What are the prime factors of q(v)?
2
List the prime factors of 1 - ((4 - 2) + 2 - 257).
2, 127
Let u = 20 - 10. Let y = u + -5. List the prime factors of y.
5
Let i(r) = -r**3 - r**2 + 8*r - 1. What are the prime factors of i(-5)?
59
Suppos